Calculate the remainder when 17 is divided by w.
5
Let c(u) = -u**3 - 5*u**2 + 4. Suppose 6*q = 4*q + 6. Suppose -2*b + q*o - o = -14, o = -b + 13. Calculate the remainder when b is divided by c(-5).
2
Suppose 4*a - 34 = v + 35, 5*a = v + 87. Let s = 57 - 22. What is the remainder when s is divided by a?
17
Let q(z) = z**3 + 8. Let t be q(0). Let m be 2/7 + (-172)/14. Let d = t - m. What is the remainder when d is divided by 7?
6
Suppose 0*c + 2 = -2*m + 4*c, -5 = -3*m + 4*c. Let t(k) = 2*k + m + 2*k - 9*k + k**2. What is the remainder when 13 is divided by t(5)?
6
Let t = 15 + -11. Let p = t + 0. Calculate the remainder when p is divided by 2.
0
Calculate the remainder when ((-26)/39)/(1/(-93)) is divided by 16.
14
Suppose 7*m - 225 = 2*m. What is the remainder when m is divided by 12?
9
Let b(t) = -t + 9. Let a be b(9). Let c be 0 - a/3 - -5. Suppose 0*w - w - 2*m + 6 = 0, -15 = -c*w + 5*m. What is the remainder when 6 is divided by w?
2
Let x = -55 + 68. What is the remainder when 14 is divided by x?
1
Let p(s) = -2 - 5*s - 2 + 3 + 11*s. Calculate the remainder when p(8) is divided by (-30)/(-2)*1 - -1.
15
Let b(v) = v - 9. Let q be b(-7). Let l = q - -32. Let s = -104 - -151. What is the remainder when s is divided by l?
15
Let t = -3 - -12. Let a = t - 5. What is the remainder when 10 is divided by a?
2
Let h be (-885)/(-10)*(-4)/(-6). Suppose 3*p = -3*w + p + h, 3*p - 98 = -5*w. Calculate the remainder when 56 is divided by w.
18
Let g = -47 - -116. What is the remainder when g is divided by 14?
13
Let h(n) = -n**2 - 13*n - 1. What is the remainder when 82 is divided by h(-11)?
19
Suppose -l - 2*l + 6 = 0. Suppose 36 = 6*a - l*a. What is the remainder when a is divided by 2?
1
Let u(c) = 2*c**2 + 5*c + 3. What is the remainder when 81 is divided by u(-5)?
25
Let u = 6 + 22. Calculate the remainder when 54 is divided by u.
26
Suppose -2*i + 5*m = i - 15, 0 = -m. Suppose i*f - 9 - 6 = 0. Suppose 0 = 2*n + n - f. Calculate the remainder when n is divided by 1.
0
Let c = 4 + 13. Calculate the remainder when c is divided by 32/5 - 4/10.
5
Let j(c) = -2*c - 13. Calculate the remainder when 3 is divided by j(-7).
0
Let t be (1 + -1)/(0 + -1). Suppose r + t*r = -7. Calculate the remainder when 34 is divided by (-2)/(-7) - 61/r.
7
Suppose 0*m = -3*m + 12. Let b(j) = -2*j**3 - 2*j**2 - 3*j. Let s be b(-2). Suppose -s = -5*p + 16. What is the remainder when p is divided by m?
2
Let x(f) = -f**2 - 2*f - 7. Let j be x(-5). Let t be (-1)/(j/(-10) - 2). Let v = -1 - t. Calculate the remainder when 11 is divided by v.
3
Suppose -6*c = -2*c. Calculate the remainder when 42 is divided by 20 + -2 + (-3 - c).
12
What is the remainder when -3 - 16*15/(-10) is divided by 8?
5
Let f be 1/1*(29 + 0). Suppose -5*m - 154 = -2*w, w + 5*m - f = 18. What is the remainder when w is divided by 23?
21
Suppose 2*t = -t + 102. Calculate the remainder when t is divided by 9.
7
Suppose -4*b + 312 = 2*q, 3*b - 88 - 156 = q. Let r = -54 + b. What is the remainder when 102 is divided by r?
24
Let p(d) = -d. Let b be p(-3). Suppose -i = -b*s + 34, -4*s + 50 = 2*i + 8. Calculate the remainder when 32 is divided by s.
10
Suppose -4 = -s + 6. What is the remainder when 53 is divided by 35/14*56/s?
11
Let y(f) = 5*f**2 - f + 1. Let a be y(1). Let z(w) = w**3 - 4*w**2 + 4*w + 1. What is the remainder when z(a) is divided by 12?
10
Let r = 182 - 110. Suppose r + 23 = 5*d. Calculate the remainder when d is divided by 7.
5
Suppose 4*f = 6*f - 28. What is the remainder when 32 is divided by f?
4
Suppose -2*j - 23 = -5*y - j, 0 = 5*y - 2*j - 26. Let g be y + -2 + 2/2. Calculate the remainder when 3/g*11 + -2 is divided by 5.
4
Let j(x) = x**3 - 10*x**2 + 8*x + 11. Let b be j(9). Suppose -m + b = -3*y, y = -m - 2*y + 8. Let o = -16 - -25. What is the remainder when o is divided by m?
4
Let j(t) = -28*t + 8. Let y be j(4). Let c = -66 - y. What is the remainder when c is divided by 20?
18
Let s(m) = -m**3 - 12*m**2 + 11*m + 22. Calculate the remainder when s(-13) is divided by 11.
4
Let q(c) = c**3 + 5*c**2 - 3*c - 6. Calculate the remainder when 34 is divided by q(-5).
7
Let w(d) = -d**3 + d**2 - d + 5. Let q(v) = 2*v**3 + 4*v + 3. Let g be q(-2). Let o = 29 + g. What is the remainder when o is divided by w(0)?
3
Suppose 0 = 4*a + 1 - 13, 1 = 4*c - a. Suppose 3*w = c + 5. Let f(u) = u**3 + 8*u**2 + 8*u + 10. Calculate the remainder when f(-7) is divided by w.
1
Let r be (3/2)/((-6)/8). Let w be 0 + (-2 - -2) + r. Let t(v) = -7*v + 2. Calculate the remainder when 31 is divided by t(w).
15
Let s = -176 + 214. What is the remainder when s is divided by 13?
12
Suppose 0 = -b + 2*o + 13, -37 - 14 = -5*b - 4*o. Calculate the remainder when 30 is divided by b.
8
Suppose 0 = 2*r - r + 1. Let u(g) = -27*g**3. Calculate the remainder when u(r) is divided by 10.
7
Let v = -69 - -81. What is the remainder when 33 is divided by v?
9
Suppose 6*o = 37 + 17. Suppose c + 1 = 4. Calculate the remainder when o is divided by c.
0
Suppose 0 = -3*b + 9, 2*x - 4*b = -3*b + 89. Calculate the remainder when 89 is divided by x.
43
Let p(k) = -k**3 + 12*k**2 - 2*k + 18. Let l be p(12). What is the remainder when 27 is divided by l/9 - 46/(-6)?
6
Let f be (22/8)/((-7)/(-28)). What is the remainder when 49 is divided by (0 + -17)/(f - 12)?
15
Let x(m) be the first derivative of 5*m**2/2 - 2*m + 1. What is the remainder when x(6) is divided by 16?
12
Calculate the remainder when 2691/26 - 2/4 is divided by 26.
25
Let l be (8/10)/((-32)/80). Let u = l + 24. Calculate the remainder when u is divided by 8.
6
Suppose -46 = -2*a - 4*v, 0*a - 2*a = 3*v - 44. Calculate the remainder when 37 is divided by a.
18
Suppose 0 = -5*h - 3*w + 62, w + 2 = h - w. What is the remainder when 20 is divided by (-5)/h - (-46)/4?
9
Suppose g - 3*g - 5*b - 48 = 0, 0 = -5*g - 3*b - 139. Let q = -22 - g. What is the remainder when 27 is divided by q?
6
What is the remainder when 17 is divided by 45/(-75) - -1*66/10?
5
Let s(y) = -y + 1. Let v(t) = t - 1. Let f(j) = 5*s(j) + 4*v(j). Calculate the remainder when 4 is divided by f(-1).
0
Let d = 22 + 4. Suppose 2*z - 138 = -2*o, -2*z - 214 = -5*z + 4*o. Calculate the remainder when z is divided by d - ((-1)/(-1) + 1).
22
Suppose -2*x = -5*o + 189, 5*x + 5 = o - 42. Suppose 14 = 3*a - 25. Calculate the remainder when o is divided by a.
11
Suppose -9*b = -6 - 30. Calculate the remainder when b is divided by 3.
1
Suppose -16 = -2*t - 4. Suppose -a - a - 5*d - 19 = 0, 5 = 2*a - 3*d. Let f = t + a. Calculate the remainder when 11 is divided by f.
3
Let m = 37 - -31. What is the remainder when m is divided by 23?
22
Let h(b) = b - 18. Suppose 0 = 5*t - 10, -4*q = -9*q - 2*t + 114. What is the remainder when q is divided by h(23)?
2
Let k(s) = -4*s**3 - s**2 - 6*s - 14. Calculate the remainder when 91 is divided by k(-2).
13
Let h = 2 + 23. Let z be 240/h*10/3. Suppose 0 = 2*b - 4*b + z. Calculate the remainder when b is divided by 9.
7
Calculate the remainder when -2*50/15*(-6)/5 is divided by 2.
0
Suppose 5*u = h + 246, -4*u + h + 258 = 62. Calculate the remainder when u is divided by 4.
2
Let b(k) = -5*k**2 + 2*k**2 - 1 + 7*k**2 + 4*k. Suppose 6*w + 45 = 7*w. Calculate the remainder when w is divided by b(-3).
22
Let j(p) = p**3 - p + 15*p**2 - 4*p**2 - 1 + 0*p. Calculate the remainder when 16 is divided by j(-11).
6
Calculate the remainder when (-4 - (-68)/5)*(-15)/(-2) is divided by 38.
34
Suppose m + 24 = 4*v, 3*v - m = 20 - 3. Let y = v + 2. Suppose 0 = -x + 4*x - 51. What is the remainder when x is divided by y?
8
Suppose 5*a + 5 = 55. Suppose 0*s = -3*s - 36. What is the remainder when 2/s - 525/(-18) is divided by a?
9
Calculate the remainder when 9/6*(3 - -5) is divided by 5.
2
Suppose 2 = -5*i + 4*o, 0*i = 3*i - 3*o. Calculate the remainder when 5 - 5 - i*5 is divided by 6.
4
What is the remainder when (-282)/(-7) + -3*(-4)/(-42) is divided by 11?
7
What is the remainder when 2/(-8) + 650/8 is divided by 12?
9
Let j be (-124)/(-16) - (-2)/8. Calculate the remainder when 40 is divided by (-57)/(-4) - 2/j.
12
Let i be (1 + -5)/(-3 - -5). Calculate the remainder when (-139 + i)*2/(-6) is divided by 17.
13
Suppose 4*l = -k - 5 + 37, -5*k = -4*l - 64. Let x = 10 - 16. Let o = x - -15. What 